3, 6053
What are the prime factors of 849377?
191, 4447
What are the prime factors of 417388?
2, 104347
What are the prime factors of 1857850?
2, 5, 73, 509
What are the prime factors of 2643294?
2, 3, 440549
List the prime factors of 173154.
2, 3, 28859
List the prime factors of 8247248.
2, 23, 73, 307
What are the prime factors of 144667?
144667
List the prime factors of 10576687.
11, 67, 113, 127
What are the prime factors of 429793?
7, 13, 4723
List the prime factors of 353541.
3, 191, 617
What are the prime factors of 649689?
3, 17, 12739
List the prime factors of 7352699.
43, 101, 1693
List the prime factors of 255694.
2, 173, 739
What are the prime factors of 82523?
7, 11789
What are the prime factors of 2108896?
2, 59, 1117
What are the prime factors of 1696276?
2, 199, 2131
What are the prime factors of 790116?
2, 3, 65843
What are the prime factors of 14874057?
3, 11, 61, 821
List the prime factors of 1563144.
2, 3, 11, 31, 191
What are the prime factors of 149066?
2, 73, 1021
List the prime factors of 11718279.
3, 31, 97, 433
List the prime factors of 569707.
43, 13249
What are the prime factors of 14331146?
2, 47, 152459
What are the prime factors of 133045?
5, 11, 41, 59
What are the prime factors of 163405?
5, 11, 2971
What are the prime factors of 82635?
3, 5, 7, 787
What are the prime factors of 237214?
2, 83, 1429
List the prime factors of 189367.
409, 463
What are the prime factors of 95094?
2, 3, 587
List the prime factors of 439999.
7, 239, 263
List the prime factors of 5954311.
11, 541301
What are the prime factors of 2510845?
5, 31, 97, 167
What are the prime factors of 16759?
16759
What are the prime factors of 2483533?
13, 73, 2617
What are the prime factors of 1747553?
607, 2879
What are the prime factors of 23245122?
2, 3, 109, 35543
List the prime factors of 1684675.
5, 79, 853
What are the prime factors of 8186773?
7, 167077
What are the prime factors of 5034133?
13, 353, 1097
What are the prime factors of 302807?
79, 3833
What are the prime factors of 2077960?
2, 5, 51949
What are the prime factors of 1081075?
5, 83, 521
What are the prime factors of 965839?
7, 23, 857
What are the prime factors of 652485?
3, 5, 43499
List the prime factors of 1111327.
7, 158761
List the prime factors of 30860700.
2, 3, 5, 13, 41, 193
What are the prime factors of 63256?
2, 7907
What are the prime factors of 226343?
13, 23, 757
List the prime factors of 3263807.
37, 88211
What are the prime factors of 408658?
2, 204329
What are the prime factors of 29877250?
2, 5, 13, 29, 317
What are the prime factors of 690718?
2, 7, 103, 479
List the prime factors of 14786.
2, 7393
What are the prime factors of 25411?
25411
What are the prime factors of 211073?
211073
What are the prime factors of 4882746?
2, 3, 11, 167, 443
What are the prime factors of 18233111?
13, 1402547
What are the prime factors of 1154097?
3, 7, 2617
List the prime factors of 878796.
2, 3, 79, 103
List the prime factors of 229020.
2, 3, 5, 11, 347
List the prime factors of 12714793.
7, 13, 17, 8219
What are the prime factors of 3498669?
3, 149, 2609
What are the prime factors of 7882158?
2, 3, 43, 137, 223
List the prime factors of 905836.
2, 433, 523
What are the prime factors of 11287373?
1723, 6551
What are the prime factors of 101299?
11, 9209
List the prime factors of 347138.
2, 11, 31, 509
What are the prime factors of 6053107?
83, 233, 313
List the prime factors of 157092.
2, 3, 13, 19, 53
List the prime factors of 24186476.
2, 6046619
List the prime factors of 1325073.
3, 71, 6221
List the prime factors of 803850.
2, 3, 5, 23, 233
What are the prime factors of 338752?
2, 67, 79
List the prime factors of 3816229.
23, 277, 599
What are the prime factors of 231173?
19, 23
What are the prime factors of 194294?
2, 19, 5113
List the prime factors of 10255426.
2, 197, 26029
List the prime factors of 169388.
2, 17, 47, 53
What are the prime factors of 16884808?
2, 17, 124153
List the prime factors of 47777.
47777
What are the prime factors of 592550?
2, 5, 7, 1693
What are the prime factors of 849526?
2, 29, 97, 151
List the prime factors of 152219.
152219
List the prime factors of 72418.
2, 36209
What are the prime factors of 6416064?
2, 3, 47, 79
List the prime factors of 803645.
5, 97, 1657
List the prime factors of 5715089.
5715089
List the prime factors of 783429.
3, 113, 2311
What are the prime factors of 715283?
367, 1949
List the prime factors of 2941985.
5, 588397
What are the prime factors of 936764?
2, 234191
List the prime factors of 40776.
2, 3, 1699
List the prime factors of 2133489.
3, 711163
What are the prime factors of 31658459?
7, 29, 22279
List the prime factors of 119401.
139, 859
What are the prime factors of 388414?
2, 13, 14939
What are the prime factors of 657456?
2, 3, 13697
List the prime factors of 603581.
11, 37, 1483
List the prime factors of 532966.
2, 7, 38069
List the prime factors of 107840.
2, 5, 337
What are the prime factors of 17117?
17117
List the prime factors of 4257839.
227, 18757
List the prime factors of 388447.
23, 16889
What are the prime factors of 182957?
182957
List the prime factors of 1364319.
3, 11, 13781
List the prime factors of 166448.
2, 101, 103
List the prime factors of 418572.
2, 3, 7, 11, 151
List the prime factors of 26353.
19, 73
What are the prime factors of 750121?
750121
What are the prime factors of 18004046?
2, 9002023
What are the prime factors of 28672385?
5, 7, 101, 8111
List the prime factors of 5376207.
3, 41, 109, 401
List the prime factors of 170046.
2, 3, 47, 67
List the prime factors of 333199.
101, 3299
List the prime factors of 5435013.
3, 31, 58441
List the prime factors of 829623.
3, 131, 2111
What are the prime factors of 6615552?
2, 3, 59, 73
List the prime factors of 10189848.
2, 3, 424577
What are the prime factors of 18118487?
59, 307093
What are the prime factors of 1182069?
3, 7, 29, 647
What are the prime factors of 32410214?
2, 16205107
What are the prime factors of 32831540?
2, 5, 7, 234511
What are the prime factors of 15895230?
2, 3, 5, 13, 53, 769
List the prime factors of 76371.
3, 25457
List the prime factors of 574927.
67, 8581
List the prime factors of 6211660.
2, 5, 7, 13, 3413
What are the prime factors of 25698962?
2, 167, 76943
What are the prime factors of 631801?
479, 1319
What are the prime factors of 567809?
11, 41, 1259
What are the prime factors of 603756?
2, 3, 31, 541
What are the prime factors of 190897?
7, 27271
List the prime factors of 138875.
5, 11, 101
What are the prime factors of 737330?
2, 5, 11, 6703
What are the prime factors of 8279948?
2, 2069987
List the prime factors of 823528.
2, 311, 331
List the prime factors of 17687003.
17687003
List the prime factors of 162720.
2, 3, 5, 113
What are the prime factors of 356052?
2, 3, 29671
List the prime factors of 2262490.
2, 5, 61, 3709
List the prime factors of 404489.
404489
What are the prime factors of 2529021?
3, 11, 6967
List the prime factors of 201983.
37, 53, 103
What are the prime factors of 187878?
2, 3, 173, 181
What are the prime factors of 886214?
2, 7, 9043
List the prime factors of 57343.
11, 13, 401
What are the prime factors of 216043?
37, 5839
List the prime factors of 464426.
2, 73, 3181
What are the prime factors of 472361?
41, 281
List the prime factors of 2159727.
3, 37, 19457
List the prime factors of 553548.
2, 3, 163, 283
What are the prime factors of 9005572?
2, 73, 30841
List the prime factors of 22751759.
19, 113, 10597
List the prime factors of 405264.
2, 3, 8443
What are the prime factors of 19861076?
2, 4965269
What are the prime factors of 5433300?
2, 3, 5, 6037
List the prime factors of 25776060.
2, 3, 5, 353, 1217
What are the prime factors of 3366999?
3, 374111
What are the prime factors of 245072?
2, 17, 53
What are the prime factors of 1827962?
2, 913981
List the prime factors of 7647939.
3, 13, 269
What are the prime factors of 11450625?
3, 5, 31, 197
List the prime factors of 232410.
2, 3, 5, 61, 127
List the prime factors of 3905358.
2, 3, 53, 12281
What are the prime factors of 6832169?
157, 43517
What are the prime factors of 465832?
2, 58229
List the prime factors of 12358600.
2, 5, 61, 1013
What are the prime factors of 18619622?
2, 7, 281, 4733
List the prim